 base 4, what is 101020 - 323?
100031
In base 7, what is -2 + 123564?
123562
In base 13, what is 1a + -10bc2?
-10ba5
In base 3, what is 12122200 + -10?
12122120
In base 6, what is 511232 - 5?
511223
In base 11, what is 208 + 31?
239
In base 16, what is 2af + -437?
-188
In base 9, what is -20500458 + 3?
-20500455
In base 11, what is -1192 - -3064?
1982
In base 8, what is -66 - -341?
253
In base 13, what is 596 + 25?
5bb
In base 6, what is 141 + -2310?
-2125
In base 12, what is -5 + -96689?
-96692
In base 7, what is 626133 - 23?
626110
In base 16, what is c - -3675?
3681
In base 14, what is 4 + 19b6?
19ba
In base 12, what is 14b876 + -7?
14b86b
In base 5, what is 10 - 3003040?
-3003030
In base 3, what is 220012210 - -12?
220012222
In base 8, what is -24 - -201672?
201646
In base 5, what is -413444 - -1?
-413443
In base 3, what is -12 - -22201110100?
22201110011
In base 12, what is -4 + 13488?
13484
In base 2, what is -10110101 + -11111000100?
-100001111001
In base 3, what is -122 - 221112?
-222011
In base 15, what is 23072 - 0?
23072
In base 8, what is -5377763 + -1?
-5377764
In base 7, what is 3 + -2203420?
-2203414
In base 6, what is 1435455 - -4?
1435503
In base 6, what is -202 + -15103?
-15305
In base 4, what is -10 - -2121200001?
2121133331
In base 12, what is -47 - 12390?
-12417
In base 2, what is -1100 - -101001110101001?
101001110011101
In base 8, what is -6 + -112403?
-112411
In base 12, what is -30 - -4300?
4290
In base 3, what is -100 - 21020002220?
-21020010020
In base 13, what is 378b64 - -4?
378b68
In base 14, what is -156 - d?
-165
In base 14, what is 26 + -327?
-301
In base 10, what is 5 + 40655?
40660
In base 10, what is 752463 - 5?
752458
In base 16, what is 5 + -1ce6a7?
-1ce6a2
In base 6, what is 2550 - -345?
3335
In base 7, what is 663 - 11?
652
In base 6, what is -155034 + 3?
-155031
In base 11, what is 0 - -57456?
57456
In base 4, what is -102 + 1130?
1022
In base 10, what is 2438 + 0?
2438
In base 12, what is 87 + -491b?
-4854
In base 9, what is 3 - 45858?
-45855
In base 6, what is 1 + -1245024?
-1245023
In base 12, what is 1344 - -22?
1366
In base 16, what is -11c17e - 0?
-11c17e
In base 7, what is -6 - 201140?
-201146
In base 11, what is -1226 - -230?
-aa6
In base 13, what is 13 + -5b4b?
-5b38
In base 16, what is 4e - -8c?
da
In base 6, what is 1335040 + 2?
1335042
In base 6, what is -144 + -52232?
-52420
In base 2, what is -10110111101110 + -1111?
-10110111111101
In base 3, what is 10 + -2022022102000?
-2022022101220
In base 10, what is -8291 - -5?
-8286
In base 14, what is -55 + 1d?
-36
In base 13, what is 5c17c + -1?
5c17b
In base 7, what is 353342 + -11?
353331
In base 12, what is 428 - -142?
56a
In base 11, what is 1 + 1248737?
1248738
In base 15, what is -1d5d - 1?
-1d5e
In base 16, what is 34c9 - 4?
34c5
In base 6, what is 411525541 + 3?
411525544
In base 3, what is -1120 - 2110201?
-2112021
In base 4, what is 222211 - 322?
221223
In base 3, what is 12211220021 + 1?
12211220022
In base 16, what is -14f15 + 8?
-14f0d
In base 16, what is -a - cec?
-cf6
In base 13, what is -3 + -5a9c?
-5aa2
In base 10, what is -7 + 20707?
20700
In base 5, what is 1 - 214300?
-214244
In base 6, what is -2 - -15250?
15244
In base 14, what is 2203d + 0?
2203d
In base 16, what is -694 - -cf?
-5c5
In base 16, what is -9ab - -321?
-68a
In base 9, what is 2 + -4378?
-4376
In base 9, what is -888488 - 3?
-888502
In base 15, what is 13 + -31e?
-30b
In base 16, what is 2e6 - -73?
359
In base 3, what is 0 + 201222201211?
201222201211
In base 9, what is -5 - -106551?
106545
In base 9, what is -4 - -40734?
40730
In base 3, what is -1000 - 121200222?
-121201222
In base 15, what is 0 + 5dd6?
5dd6
In base 11, what is 6 - -47113?
47119
In base 16, what is 6 + e7e6?
e7ec
In base 8, what is -13227 - 516?
-13745
In base 10, what is 556 + 39?
595
In base 11, what is 19a747 + 1?
19a748
In base 6, what is 2120030 + 23?
2120053
In base 16, what is -d0 + -5fb5?
-6085
In base 16, what is 14d87c + 1?
14d87d
In base 10, what is 13814 + -2?
13812
In base 6, what is -21 + -4502005?
-4502030
In base 11, what is 313a2 - -2?
313a4
In base 16, what is a15a + -d?
a14d
In base 14, what is 2 - -79a?
79c
In base 13, what is 264 - -3?
267
In base 13, what is 2625 + 20?
2645
In base 13, what is -961 + -1a?
-97b
In base 16, what is -10 + -1a625?
-1a635
In base 7, what is -12 - 114442?
-114454
In base 6, what is 4412 + 210?
5022
In base 14, what is -7 - 291?
-298
In base 12, what is -36 + -76b9?
-7733
In base 13, what is 22b - 14a8?
-127a
In base 2, what is -11 - 10001101101011100?
-10001101101011111
In base 10, what is 10 + 3039?
3049
In base 2, what is 111001000000011 - -100?
111001000000111
In base 6, what is -223502 - 4?
-223510
In base 13, what is 24 + -7a04?
-79b0
In base 5, what is 2 + -242122?
-242120
In base 3, what is 2220010210212 - 12?
2220010210200
In base 14, what is 30d98 - b?
30d8b
In base 5, what is -1130124 - -13?
-1130111
In base 13, what is 535b2 - 4?
535ab
In base 5, what is -112 - 13413?
-14030
In base 7, what is -6403356 + -4?
-6403363
In base 9, what is -841 - 23?
-864
In base 12, what is -174 + -273?
-427
In base 2, what is 10 + 1010100011100?
1010100011110
In base 6, what is 35524010 - 1?
35524005
In base 10, what is 12 - 3309?
-3297
In base 8, what is 254530 - 2?
254526
In base 9, what is -5 + -51557?
-51563
In base 3, what is -22111210 + 20012?
-22021121
In base 3, what is -211 - -120?
-21
In base 12, what is 31728 + -7?
31721
In base 4, what is 13 + -10302331?
-10302312
In base 10, what is -11 + 4440?
4429
In base 12, what is 52 - -145?
197
In base 10, what is -118 + 1195?
1077
In base 9, what is 2442832 + -1?
2442831
In base 15, what is -32b3e + -5?
-32b44
In base 12, what is 302 + 335?
637
In base 10, what is -7 + -332566?
-332573
In base 13, what is 38ab - -6?
38b4
In base 8, what is 605 + -2751?
-2144
In base 8, what is -311 + -63445?
-63756
In base 16, what is -89af + -4?
-89b3
In base 10, what is -762 + -54?
-816
In base 5, what is -2221420 - 1?
-2221421
In base 16, what is -5 + 87149?
87144
In base 5, what is 4 - 100124132?
-100124123
In base 11, what is 3 - -7a628?
7a630
In base 6, what is 2 + -51351?
-51345
In base 11, what is 1220 + 150?
1370
In base 9, what is 3 - -636747?
636751
In base 11, what is 1a + -146?
-127
In base 12, what is 11aa - -18b?
1379
In base 11, what is -12 + -51542?
-51554
In base 15, what is 7 - 87da?
-87d3
In base 16, what is 3 + -3aa43?
-3aa40
In base 10, what is 416 + -511?
-95
In base 15, what is 7e578b - 0?
7e578b
In base 9, what is 1558 + 73?
1642
In base 9, what is -1038 + -10?
-1048
In base 14, what is 5 - b42?
-b3b
In base 11, what is -487 + 393?
-a4
In base 5, what is -12113432 + -2?
-12113434
In base 13, what is -1c + -17c?
-19b
In base 15, what is -2 + 8359a?
83598
In base 12, what is -a + 6761?
6753
In base 10, what is -3 - 700?
-703
In base 12, what is -44 + -803?
-847
In base 3, what is 10201122 - -11?
10201210
In base 11, what is 114 + 2?
116
In base 6, what is -4402 + 1155?
-3203
In base 13, what is -570145 + 4?
-570141
In base 9, what is 6 - -8620?
8626
In base 5, what is -34 + 321043?
321004
In base 9, what is -33518 - -1?
-33517
In base 9, what is -288 + -388?
-687
In base 8, what is -2 + -574203?
-574205
In base 9, what is 1037 - 3?
1034
In base 13, what is 1590 - 12?
157b
In base 13, what is 34 - -a0?
104
In base 12, what is -1957 + 6b?
-18a8
In base 6, what is 1 + 540152?
540153
In base 14, what is -12a7 + 1a7?
-1100
In base 2, what is -101 - -100001001100?
100001000111
In base 9, what is -4275 + 1?
-4274
In base 10, what is 171852 + -11?
171841
In base 5, what is 2131110 + 0?
2131110
In base 7, what is -5232 - -1?
-5231
In base 14, what is -3 - 3c870?
-3c873
In base 9, what is -128 - 2173?
-2312
In base 8, what is 2004 + 44?
2050
In base 5, what is -1203342 + 0?
-1203342
In base 15, what is -5 - -18ec?
18e7
In base 13, what is -28c + 1?
-28b
In base 14, what is 13c + 9aa?
b08
In base 13, what is -c + 3b92b?
3b91c
In base 3, what is -100 + 1110000110?
1110000010
In base 7, what is -2 + -202122?
-202124
In base 13, what is -15a027 - 1?
-15a028
In base 11, what is 772 - -37?
7a9
In base 7, what is 3 - 622465?
-622462
In base 2, what is 1001 + -111110111?
-111101110
In base 15, what is -57 